ided by d?
5
Let a = -2 + 2. Suppose -5*d + 5 + 5 = a. What is the remainder when 3 is divided by d?
1
Suppose z + 10 = -z. Let f = z - -8. Suppose q = f + 1. What is the remainder when 11 is divided by q?
3
Let g = -3 + 4. What is the remainder when 3/9 + 202/6 is divided by (-118)/(-10) - g/(-5)?
10
Let b(r) = -5*r**3 - 5*r**2 - 4*r - 4. Let l be b(-5). What is the remainder when 38 is divided by 14/91 - l/(-26)?
18
Suppose -3*h + 52 = 4*s, -4*h + s + 101 = -0*s. Let t = 69 - h. Suppose -5*k = -4*a + 68, 2*k = 4*a - 11 - t. Calculate the remainder when 22 is divided by a.
10
Let l = 99 + -89. What is the remainder when 59 is divided by l?
9
Let k be -3 - (-1 + 0)*(4 + -1). Suppose -60 = -5*t + 55. Suppose o = -5*a + 199, 0 = -a + 4*o - k*o + t. Calculate the remainder when a is divided by 20.
19
Suppose -4 = b + 6. Calculate the remainder when 89 is divided by (-468)/(-20) + 4/b.
20
Let f = -34 - -92. What is the remainder when f is divided by 10?
8
Suppose 82*b + 17 = 83*b. What is the remainder when b is divided by 5?
2
Let z(r) be the second derivative of r**4/6 - r**3/3 + r**2 - r. What is the remainder when z(-3) is divided by ((-18)/(-12))/(2/12)?
8
Let d = 67 - -9. Calculate the remainder when d is divided by 20.
16
Suppose 0 = -3*o - o + 4, -i + 21 = -4*o. Let j = 1 + 0. What is the remainder when i is divided by (-84)/(-9) + j/(-3)?
7
What is the remainder when 22 is divided by 6/(-33) - 1305/(-99)?
9
Let u(o) = -2*o - 3. Let d be u(-3). Let y = d - -1. Suppose -h - 62 = -y*r + 11, -r = 5*h + 8. Calculate the remainder when r is divided by 9.
8
Suppose 46 = 7*y - 276. Suppose 4*j - 61 + 13 = 0. Calculate the remainder when y is divided by j.
10
Suppose 0 = 4*r + k - 72, 2*r + r - 54 = 2*k. What is the remainder when 53 is divided by r?
17
What is the remainder when (-1)/(3 + 500/(-166)) is divided by 29?
25
Let v = -48 + 66. What is the remainder when 69 is divided by v?
15
Let c(v) = -2*v + 73. Calculate the remainder when c(0) is divided by 19.
16
Let n = 149 - 104. What is the remainder when n is divided by 17?
11
Suppose 4*c - 176 = -4*r, 0 + 4 = -2*r. Suppose -f - 2 = -18. Calculate the remainder when c is divided by f.
14
Let u(d) = -2*d - 12. Let f = -7 + 7. Suppose -v - 2*v - 27 = f. What is the remainder when 10 is divided by u(v)?
4
Suppose -2*h = -5*j - 120, -h + 4*h + 2*j - 142 = 0. Calculate the remainder when h is divided by 13.
11
Suppose 4*t = m + 2, m + 6 = -0*m + 5*t. What is the remainder when m is divided by 9?
5
Let z(q) = 6*q + 8. Let r be z(-6). Let g be (-6)/(2/r*-2). Calculate the remainder when 16 is divided by 9/12 - g/8.
4
Suppose 0 + 9 = 3*x. Suppose -7*r + x*r - 8 = 0. Let f = 6 - r. Calculate the remainder when 23 is divided by f.
7
Let d = -45 - -124. What is the remainder when d is divided by 22?
13
Let s = 4 - 6. Let w be (-54)/(-10) - s/(-5). Suppose -42 = -2*y + g, 4*y + w*g - 2*g = 64. Calculate the remainder when y is divided by 7.
5
Let w(f) = -2*f + 2. Suppose b = -5 + 2. Let p be w(b). Suppose 2*i - 20 = p. Calculate the remainder when 27 is divided by i.
13
Suppose -5*j + 38 = 8. Calculate the remainder when 25 is divided by j.
1
Suppose 3*l = 10 + 5. Calculate the remainder when 6 is divided by l.
1
Suppose -21 - 30 = h. Let f = -33 - h. What is the remainder when f is divided by 10?
8
Let k = 3 - 32. Let r = k - -44. Calculate the remainder when 43 is divided by r.
13
Suppose 2*o = 5*r - 2*o + 32, -r = o + 10. Calculate the remainder when r/8 + 1*2 is divided by 1.
0
Let g be (-1)/3 - (-22)/3. Suppose g*j - 2*j - 3*m - 275 = 0, 5*m - 25 = 0. Let d = -18 - -38. Calculate the remainder when j is divided by d.
18
Suppose -17 + 52 = 5*j. Suppose -9*b + j*b = -56. Calculate the remainder when b is divided by 15.
13
Suppose -3*p = 3*b - 111, -4*p + 0*p = -2*b - 160. What is the remainder when 77 is divided by p?
38
Let i(c) = c**2 + 2*c - 6. Let k(z) = 2*z**2 + 4*z + 5. What is the remainder when k(-5) is divided by i(4)?
17
Let x = -18 + 13. Let v = x - -7. Suppose -24 = -v*a - 0*a. What is the remainder when 22 is divided by a?
10
Let q(b) = -b + 8. Let l be q(6). Suppose -l*o + 0*o = -4. Suppose 0 = -2*u - 4*j + 8, 3*u + j + 5 = 12. Calculate the remainder when u is divided by o.
0
Let s(l) = l**2 + 5*l. Let y be s(-6). Suppose y = -3*k + 6*k. What is the remainder when k is divided by 3 - 24/4 - -4?
0
Suppose -5*t + 57 = 2*b, t + 1 = 2*t + 3*b. What is the remainder when 50 is divided by t?
11
Let z(u) = 8*u**3 - 3*u**2 + 2*u - 1. Let o be z(2). Calculate the remainder when (2 - 0)/(5/o) is divided by 6.
4
Suppose -2*t = t + 2*y - 29, -4*y + 4 = 0. Let h(q) = q**2 - 7*q + 1. Let b be h(7). What is the remainder when 27 + b/(-2)*2 is divided by t?
8
Suppose -119 = -4*l - 3. Let y be (4/(-10))/(1/(-10)). Suppose -y*c + 1 = -39. What is the remainder when l is divided by c?
9
Suppose -20 = -8*i + 3*i. Suppose 3*f = 13 + 32. What is the remainder when f is divided by i?
3
Suppose -8 = -2*i - 0. Let c be ((-2)/i)/(-1)*0. What is the remainder when (c - -1)/(2/28) is divided by 5?
4
Suppose 0 = -2*a - 55 + 3. Let i = a + 38. Suppose -w + 34 = 3*f, -4*w = 5*f - 0*f - 108. What is the remainder when w is divided by i?
10
Suppose 4*l + 13 = -0*j - j, 2*j - 4 = -2*l. Suppose 0 = -0*f + 5*f + 4*b + 85, -4*b - j = -f. Calculate the remainder when 1 is divided by f/(-11) - 4/22.
0
Let o be (-4)/(-5)*(5 - 0). Suppose -o*j + 2*i + 36 = 0, j - 3*i - 45 = -4*j. Let u(t) = -t**2 + 10*t + 9. Calculate the remainder when u(j) is divided by 10.
8
Let g = 12 - 9. Suppose -g*w + 23 = -7. What is the remainder when 18 is divided by w?
8
Let u be (-2)/(-2) - -2*86. Suppose 2*l - 7*l = -175. Suppose u = 4*z - l. What is the remainder when z is divided by 18?
16
Suppose -2*m - m = -39. Suppose -2*p - 19 = -2*n + m, -n = -4*p - 25. What is the remainder when 24 is divided by n?
11
Let f(c) = 2*c**3 - c**2 - 2*c + 3. Suppose -8 = -3*d + 37. Calculate the remainder when f(3) is divided by d.
12
Suppose k = -2*g + 7*g + 13, -2*k + 56 = 5*g. Calculate the remainder when k is divided by 13.
10
Let j(g) = -g**3 + 6*g**2 - 3*g + 3. Suppose -6*r - 25 + 163 = 0. Calculate the remainder when r is divided by j(5).
10
Suppose 2*b = b - 2, 2*r + 98 = 4*b. Calculate the remainder when -2 + (-1 - r/1) is divided by 17.
16
Let l(h) = 6*h**2 + 2*h - 1. Let z be l(2). Suppose 5*a - z = -w, -4*w - 4*a + 108 = -7*a. What is the remainder when 52 is divided by w?
25
Let s(z) = z**3 + 3*z**2 - 6*z - 5. Let n be s(-4). Suppose r + 6*x - 29 = 2*x, -x = n*r - 43. Let q = -5 - -42. What is the remainder when q is divided by r?
11
Let w(u) = u - 1. Let o be w(3). Suppose 7*x + 3*l = o*x + 27, 0 = -x + l + 7. What is the remainder when (1 + 1/(-2))*22 is divided by x?
5
What is the remainder when 2 + (0 + -3 + 12)*9 is divided by 29?
25
Let s = 17 - 12. Suppose z - 8 = -3*z. Let r(w) = 8*w - 3. What is the remainder when r(z) is divided by s?
3
Suppose -r + 158 = -3*t, -2*r + 4*t + 768 = 3*r. Suppose -q + r = 4*p, 3*q + 129 = 3*p - 0*q. What is the remainder when p is divided by 10?
9
Let w(s) be the second derivative of -s**3/6 - s**2/2 + 3*s. Let v be w(-8). Suppose -2*u + 17 = -v. What is the remainder when u is divided by 7?
5
Let t be 2/7*14/2. Suppose 6*x - 2*x + 52 = t*j, 0 = j + 3*x - 41. What is the remainder when j is divided by 11?
10
Let n = 54 - 36. Calculate the remainder when 32 is divided by n.
14
Suppose 0 = -4*b - 16, -i + 44 = i + 3*b. What is the remainder when i is divided by 9 + 4/2 + -1?
8
Let a be (-4)/(-6) - (-16)/12. Suppose 5*v + 3*m - 77 = -0*v, 2*v - a*m - 18 = 0. Calculate the remainder when 24 is divided by v.
11
Let w be (6/(-4))/(1/(-2)). Let g be (-45)/(-15)*2/3. Suppose g*f = -w*f + 170. What is the remainder when f is divided by 12?
10
Calculate the remainder when 75 is divided by ((-19)/4*-2)/((-2)/(-4)).
18
Let i(c) = 1 + c - c**2 - 3*c + 3*c**2. Suppose -2*s - 9 = -u, -4*s - 12 - 9 = -3*u. Calculate the remainder when 37 is divided by i(u).
11
Suppose 0 = -2*l - 0 - 2. Let s(j) = -52*j - 2. What is the remainder when s(l) is divided by 13?
11
Suppose -5*b + 47 + 128 = 0. Suppose -92 = -4*r - 5*w, 4*w + 1 - 89 = -4*r. Calculate the remainder when b is divided by r.
17
Suppose -4*u - w = -55, -2*u - 3*w -